{"id":154,"date":"2019-04-30T13:23:25","date_gmt":"2019-04-30T13:23:25","guid":{"rendered":"http:\/\/elbistandiyaliz.com\/?page_id=154"},"modified":"2019-04-30T13:24:38","modified_gmt":"2019-04-30T13:24:38","slug":"misyon","status":"publish","type":"page","link":"http:\/\/elbistandiyaliz.com\/?page_id=154","title":{"rendered":"Misyon"},"content":{"rendered":"\n<p>Misyon<br>\nEtik de\u011ferlere ba\u011fl\u0131, hasta haklar\u0131na sayg\u0131l\u0131, hasta ve \u00e7al\u0131\u015fan g\u00fcvenli\u011fini \u00f6nemseyen, tedavi edici uygulamalar yan\u0131nda koruyucu sa\u011fl\u0131k \u00e7al\u0131\u015fmalar\u0131n\u0131 da kapsayan kaliteli ve ekonomik hizmetlerimizi din, dil, \u0131rk ve cinsiyet ayr\u0131m\u0131 g\u00f6zetmeksizin nitelikli ve uzman kadrolar ile sunmakt\u0131r.<\/p>\n","protected":false},"excerpt":{"rendered":"<p>Misyon Etik de\u011ferlere ba\u011fl\u0131, hasta haklar\u0131na sayg\u0131l\u0131, hasta ve \u00e7al\u0131\u015fan g\u00fcvenli\u011fini \u00f6nemseyen, tedavi edici uygulamalar yan\u0131nda koruyucu sa\u011fl\u0131k \u00e7al\u0131\u015fmalar\u0131n\u0131 da kapsayan kaliteli ve ekonomik hizmetlerimizi din, dil, \u0131rk ve cinsiyet ayr\u0131m\u0131 g\u00f6zetmeksizin nitelikli ve uzman kadrolar ile sunmakt\u0131r.<\/p>\n","protected":false},"author":2,"featured_media":0,"parent":8,"menu_order":0,"comment_status":"closed","ping_status":"closed","template":"","meta":{"footnotes":""},"class_list":["post-154","page","type-page","status-publish","hentry"],"_links":{"self":[{"href":"http:\/\/elbistandiyaliz.com\/index.php?rest_route=\/wp\/v2\/pages\/154","targetHints":{"allow":["GET"]}}],"collection":[{"href":"http:\/\/elbistandiyaliz.com\/index.php?rest_route=\/wp\/v2\/pages"}],"about":[{"href":"http:\/\/elbistandiyaliz.com\/index.php?rest_route=\/wp\/v2\/types\/page"}],"author":[{"embeddable":true,"href":"http:\/\/elbistandiyaliz.com\/index.php?rest_route=\/wp\/v2\/users\/2"}],"replies":[{"embeddable":true,"href":"http:\/\/elbistandiyaliz.com\/index.php?rest_route=%2Fwp%2Fv2%2Fcomments&post=154"}],"version-history":[{"count":1,"href":"http:\/\/elbistandiyaliz.com\/index.php?rest_route=\/wp\/v2\/pages\/154\/revisions"}],"predecessor-version":[{"id":155,"href":"http:\/\/elbistandiyaliz.com\/index.php?rest_route=\/wp\/v2\/pages\/154\/revisions\/155"}],"up":[{"embeddable":true,"href":"http:\/\/elbistandiyaliz.com\/index.php?rest_route=\/wp\/v2\/pages\/8"}],"wp:attachment":[{"href":"http:\/\/elbistandiyaliz.com\/index.php?rest_route=%2Fwp%2Fv2%2Fmedia&parent=154"}],"curies":[{"name":"wp","href":"https:\/\/api.w.org\/{rel}","templated":true}]}}