{"id":34,"date":"2017-11-08T12:01:26","date_gmt":"2017-11-08T12:01:26","guid":{"rendered":"http:\/\/elbistandiyaliz.com\/?page_id=34"},"modified":"2022-11-19T14:44:55","modified_gmt":"2022-11-19T14:44:55","slug":"kadromuz","status":"publish","type":"page","link":"http:\/\/elbistandiyaliz.com\/?page_id=34","title":{"rendered":"Kadromuz"},"content":{"rendered":"\n<figure class=\"wp-block-image size-full is-resized\"><img loading=\"lazy\" decoding=\"async\" src=\"http:\/\/elbistandiyaliz.com\/wp-content\/uploads\/2022\/11\/yasam-hastanesi-uzm-dr-ulvi-ozsoy-902287.png\" alt=\"\" class=\"wp-image-172\" width=\"177\" height=\"203\" srcset=\"http:\/\/elbistandiyaliz.com\/wp-content\/uploads\/2022\/11\/yasam-hastanesi-uzm-dr-ulvi-ozsoy-902287.png 379w, http:\/\/elbistandiyaliz.com\/wp-content\/uploads\/2022\/11\/yasam-hastanesi-uzm-dr-ulvi-ozsoy-902287-262x300.png 262w\" sizes=\"auto, (max-width: 177px) 100vw, 177px\" \/><\/figure>\n\n\n\n<p>Genel Bilgi<\/p>\n\n\n<ul class=\"listele\">\n<li>Ad\u0131 soyad\u0131:\u00a0<strong class=\"theme_bold\">Ulvi \u00d6ZSOY<\/strong><\/li>\n<li>\u00dcnvan\u0131:\u00a0<strong class=\"theme_bold\">Uzman Doktor<\/strong><\/li>\n<\/ul>\n<h3 class=\"widget_title\">E\u011fitim<\/h3>\n<ul class=\"listele\">\n<li>Mezun oldu\u011fu \u00fcniversite: \u0130<strong class=\"theme_bold\">stanbul T\u0131p Fak\u00fcltesi<\/strong><\/li>\n<li>Uzmanl\u0131k e\u011fitimi:\u00a0<strong class=\"theme_bold\">Dahiliye-Farmokoloji<\/strong><\/li>\n<\/ul>\n<h3 class=\"widget_title\">\u00d6z ge\u00e7mi\u015f<\/h3>\n<p>1973 Elbistan Lisesi mezunu 1974 \u0130T\u00dc Kimya Fak. Son s\u0131n\u0131ftan ayr\u0131l\u0131p 1978 de \u0130stanbul T\u0131p Fak. ba\u015flad\u0131m. 1984&#8217;de Bor\u00e7ka&#8217;da me\u00e7buri hizmet yapt\u0131m. Daha sonra Cerrahpa\u015fa Farmokoloji ve Haseki Dahilye b\u00f6l\u00fcm\u00fcnde ihtisas yapt\u0131m. 1998 de Elbistan Devlet Hastanesine dahiliye uzman\u0131 olarak ba\u015flad\u0131m. 2004 y\u0131l\u0131nda istifa edip halen Elbistan&#8217;da serbest hekim olarak \u00e7al\u0131\u015fmaktay\u0131m.<\/p>\n<p style=\"text-align: center;\">\u00a0<\/p>\n<p style=\"text-align: center;\">\u00a0<\/p>\n<p style=\"text-align: center;\">\u00a0<\/p>\n\n\n<figure class=\"wp-block-gallery columns-0 is-cropped wp-block-gallery-1 is-layout-flex wp-block-gallery-is-layout-flex\"><ul class=\"blocks-gallery-grid\"><\/ul><\/figure>\n\n\n\n<p><\/p>\n","protected":false},"excerpt":{"rendered":"<p>Genel Bilgi Ad\u0131 soyad\u0131:\u00a0Ulvi \u00d6ZSOY \u00dcnvan\u0131:\u00a0Uzman Doktor E\u011fitim Mezun oldu\u011fu \u00fcniversite: \u0130stanbul T\u0131p Fak\u00fcltesi Uzmanl\u0131k e\u011fitimi:\u00a0Dahiliye-Farmokoloji \u00d6z ge\u00e7mi\u015f 1973 Elbistan Lisesi mezunu 1974 \u0130T\u00dc Kimya Fak. Son s\u0131n\u0131ftan ayr\u0131l\u0131p 1978 de \u0130stanbul T\u0131p Fak. ba\u015flad\u0131m. 1984&#8217;de Bor\u00e7ka&#8217;da me\u00e7buri hizmet yapt\u0131m. Daha sonra Cerrahpa\u015fa Farmokoloji ve Haseki Dahilye b\u00f6l\u00fcm\u00fcnde ihtisas yapt\u0131m. 1998 de Elbistan Devlet Hastanesine &hellip; <\/p>\n<p class=\"link-more\"><a href=\"http:\/\/elbistandiyaliz.com\/?page_id=34\" class=\"more-link\">Okumaya devam et<span class=\"screen-reader-text\"> &#8220;Kadromuz&#8221;<\/span><\/a><\/p>\n","protected":false},"author":2,"featured_media":0,"parent":8,"menu_order":2,"comment_status":"closed","ping_status":"closed","template":"","meta":{"footnotes":""},"class_list":["post-34","page","type-page","status-publish","hentry"],"_links":{"self":[{"href":"http:\/\/elbistandiyaliz.com\/index.php?rest_route=\/wp\/v2\/pages\/34","targetHints":{"allow":["GET"]}}],"collection":[{"href":"http:\/\/elbistandiyaliz.com\/index.php?rest_route=\/wp\/v2\/pages"}],"about":[{"href":"http:\/\/elbistandiyaliz.com\/index.php?rest_route=\/wp\/v2\/types\/page"}],"author":[{"embeddable":true,"href":"http:\/\/elbistandiyaliz.com\/index.php?rest_route=\/wp\/v2\/users\/2"}],"replies":[{"embeddable":true,"href":"http:\/\/elbistandiyaliz.com\/index.php?rest_route=%2Fwp%2Fv2%2Fcomments&post=34"}],"version-history":[{"count":16,"href":"http:\/\/elbistandiyaliz.com\/index.php?rest_route=\/wp\/v2\/pages\/34\/revisions"}],"predecessor-version":[{"id":178,"href":"http:\/\/elbistandiyaliz.com\/index.php?rest_route=\/wp\/v2\/pages\/34\/revisions\/178"}],"up":[{"embeddable":true,"href":"http:\/\/elbistandiyaliz.com\/index.php?rest_route=\/wp\/v2\/pages\/8"}],"wp:attachment":[{"href":"http:\/\/elbistandiyaliz.com\/index.php?rest_route=%2Fwp%2Fv2%2Fmedia&parent=34"}],"curies":[{"name":"wp","href":"https:\/\/api.w.org\/{rel}","templated":true}]}}

<figure class="wp-block-image size-full is-resized"><img loading="lazy" decoding="async" src="http://elbistandiyaliz.com/wp-content/uploads/2022/11/yasam-hastanesi-uzm-dr-ulvi-ozsoy-902287.png" alt="" class="wp-image-172" width="177" height="203" srcset="http://elbistandiyaliz.com/wp-content/uploads/2022/11/yasam-hastanesi-uzm-dr-ulvi-ozsoy-902287.png 379w, http://elbistandiyaliz.com/wp-content/uploads/2022/11/yasam-hastanesi-uzm-dr-ulvi-ozsoy-902287-262x300.png 262w" sizes="auto, (max-width: 177px) 100vw, 177px" /></figure>



<p>Genel Bilgi</p>


<ul class="listele">
<li>Adı soyadı: <strong class="theme_bold">Ulvi ÖZSOY</strong></li>
<li>Ünvanı: <strong class="theme_bold">Uzman Doktor</strong></li>
</ul>
<h3 class="widget_title">Eğitim</h3>
<ul class="listele">
<li>Mezun olduğu üniversite: İ<strong class="theme_bold">stanbul Tıp Fakültesi</strong></li>
<li>Uzmanlık eğitimi: <strong class="theme_bold">Dahiliye-Farmokoloji</strong></li>
</ul>
<h3 class="widget_title">Öz geçmiş</h3>
<p>1973 Elbistan Lisesi mezunu 1974 İTÜ Kimya Fak. Son sınıftan ayrılıp 1978 de İstanbul Tıp Fak. başladım. 1984&#8217;de Borçka&#8217;da meçburi hizmet yaptım. Daha sonra Cerrahpaşa Farmokoloji ve Haseki Dahilye bölümünde ihtisas yaptım. 1998 de Elbistan Devlet Hastanesine dahiliye uzmanı olarak başladım. 2004 yılında istifa edip halen Elbistan&#8217;da serbest hekim olarak çalışmaktayım.</p>
<p style="text-align: center;"> </p>
<p style="text-align: center;"> </p>
<p style="text-align: center;"> </p>


<figure class="wp-block-gallery columns-0 is-cropped wp-block-gallery-1 is-layout-flex wp-block-gallery-is-layout-flex"><ul class="blocks-gallery-grid"></ul></figure>



<p></p>

<p>Genel Bilgi Adı soyadı: Ulvi ÖZSOY Ünvanı: Uzman Doktor Eğitim Mezun olduğu üniversite: İstanbul Tıp Fakültesi Uzmanlık eğitimi: Dahiliye-Farmokoloji Öz geçmiş 1973 Elbistan Lisesi mezunu 1974 İTÜ Kimya Fak. Son sınıftan ayrılıp 1978 de İstanbul Tıp Fak. başladım. 1984&#8217;de Borçka&#8217;da meçburi hizmet yaptım. Daha sonra Cerrahpaşa Farmokoloji ve Haseki Dahilye bölümünde ihtisas yaptım. 1998 de Elbistan Devlet Hastanesine &hellip; </p>
<p class="link-more"><a href="http://elbistandiyaliz.com/?page_id=34" class="more-link">Okumaya devam et<span class="screen-reader-text"> &#8220;Kadromuz&#8221;</span></a></p>
